e greatest common divisor of z and p.
25
Suppose 698 - 678 = 5*y. Suppose 0*c = -4*z - y*c + 620, z + 5*c = 151. What is the greatest common divisor of 30 and z?
6
Suppose 70*o = 71*o - 19. Suppose 32 = o*t - 11*t. Suppose 8*c = 2*w + 7*c - 429, 0 = -t*c + 12. Calculate the greatest common divisor of 24 and w.
24
Let v = -6837 - -16362. Calculate the highest common factor of v and 15.
15
Let c = 195 - 106. Suppose 45*m = 87 - 42. Calculate the highest common divisor of c and m.
1
Let v(j) = -j - 5. Let a be (-22)/(-66)*5*-3. Let c be v(a). Suppose -w + 5 = c, 5*w - 60 = -4*d + 465. What is the greatest common divisor of 50 and d?
25
Let t be 466/4 + 4/8. Let p be (19818/(-81))/(4/6). Let v = p + 380. What is the greatest common factor of t and v?
13
Let x(c) = 26*c - 780. Let b be x(34). What is the greatest common factor of b and 1872?
104
Suppose -7*d = 11 + 17. Let x be 0/((d + 0)/(-4)). Suppose s + v = -0*s + 6, x = 4*s + 3*v - 27. Calculate the greatest common divisor of 99 and s.
9
Suppose q - 5 = -0*q. Suppose 0 = 63*y - 5343 - 5682. Suppose 325*o + y = 332*o. What is the highest common factor of q and o?
5
Suppose -28 = -3*h - 4*j + 8, -3 = j. Suppose -106 + h = -5*y. Let m = 8268 - 8250. Calculate the greatest common factor of m and y.
18
Suppose 5*p = -t + 561, -3*p + 2*t + 446 = p. Calculate the highest common divisor of 7 and p.
7
Let x be 471150/(-945)*(-21)/6. What is the highest common divisor of 20 and x?
5
Let g(c) = -56*c**2 - 542*c + 2. Let q be g(-8). What is the greatest common divisor of 580 and q?
58
Let z be 19 - (0 + 2) - 0. Suppose -195 - 233 = 4*y - 4*u, u + 1 = 0. Let a = 159 + y. Calculate the highest common factor of a and z.
17
Let d be 14/4 - (0 - (-3)/2). Let y be d/(((-9)/(-15))/(9/3)). Calculate the greatest common divisor of 4 and y.
2
Suppose -9*j = -28*j + 342. Suppose 0 = -22*s + j*s + 2800. What is the greatest common factor of s and 70?
70
Suppose -2370*s + 4800 = -2310*s. Calculate the highest common divisor of s and 80.
80
Let s = -7059 + 9116. What is the highest common factor of 484 and s?
121
Suppose 334*j = 336*j + k - 2698, -j = -4*k - 1358. Calculate the greatest common divisor of j and 11610.
270
Let w = 2665 + 443. Calculate the highest common factor of w and 12.
12
Suppose -144 = -5*l - 4*m, -l - 860 = -m - 869. Let c(k) = 5*k**2 + k - 4. Let a be c(-6). What is the highest common factor of a and l?
10
Suppose -2*d = -4*k - 2452, 30*d + 3686 = 33*d + 2*k. Let y = d - 584. What is the greatest common factor of y and 46?
46
Let g = -13496 + 13503. What is the greatest common divisor of 271 and g?
1
Let p(y) be the second derivative of 11*y**5/20 + y**4/6 - y. Let d be 15 - (-4 - (-198)/11). Let r be p(d). Calculate the greatest common divisor of r and 13.
13
Suppose w - 136 = 760. Suppose 2*n - 118 = -2*v, 30*n - 26*n - 233 = -3*v. What is the greatest common factor of w and n?
56
Let y = 1035 - 969. Let g = -40 + 24. Let n = -10 - g. What is the greatest common divisor of n and y?
6
Suppose n + 3*s - 11 = -4*n, 5*n + 5 = 5*s. Let m be 21 - (-7 + 3) - n. Suppose 6*x - m = -0*x. Calculate the greatest common divisor of x and 6.
2
Let c = 2375 - 1850. Suppose -2*i = -0*i + 2, -5*f + 2*i + 107 = 0. Calculate the highest common factor of c and f.
21
Suppose 0*j = -2*j + 20. Suppose 42 = 5*m + 3*n - 185, -4*n - 4 = -m. Calculate the highest common divisor of m and j.
10
Let o = 96 + -7. Suppose 979 - o = 10*b. Let r = b - 27. Calculate the greatest common divisor of r and 155.
31
Let g be (-6 + -1 - 2311)*-1. Calculate the highest common divisor of g and 19.
19
Let m(i) = -2*i**2 + 47*i + 24. Let r be m(24). Let c be 23*(1 - r/7). Let d be (322/(-4))/((-1)/2). Calculate the highest common factor of c and d.
23
Suppose 19*g = 4*g + 72 + 198. Calculate the greatest common factor of g and 3033.
9
Suppose -60 = 2*t - 4*t. Let h(a) = 21 - t - a**2 - 6 + 12*a. Let z be h(4). What is the highest common divisor of 34 and z?
17
Let k(n) = -2*n**2 + 40*n + 1390. Let z be k(38). Calculate the greatest common factor of z and 11264.
22
Suppose -3*g + 104 = -4*d, 5*g + 19*d - 185 = 24*d. Calculate the greatest common divisor of g and 957.
11
Suppose 3*z + 23 = k + 4*k, -3*k - 4*z + 8 = 0. Suppose 3*p + k*x = 70, 4*p - 85 = 2*x + x. Let y = 42 + 2. Calculate the greatest common divisor of y and p.
22
Suppose 24*z - 140 - 52 = 0. Let w be ((-48)/5)/4*(-60)/z. Calculate the greatest common divisor of 174 and w.
6
Suppose 3*k - 5*k + 62 = 5*h, 3*k = -h + 67. Let o be -1 + (-384)/(-40) - (-14)/35. Calculate the greatest common factor of o and k.
3
Suppose 218*r = 3749 - 697. Let p = 11 + -7. What is the greatest common factor of p and r?
2
Suppose 4*m = v - 192, 74*v - 79*v - 2*m = -1136. Calculate the highest common factor of v and 4802.
14
Let b(v) = 5*v**3 + 29*v**2 - 8*v - 8. Let c be b(-6). Suppose -5*j - 2*n + 197 = 0, 5*n + 168 = 4*j + c*n. Calculate the highest common factor of 41 and j.
41
Let a = 126 - 107. Suppose -3*c + 990 = a*c. What is the highest common factor of 45 and c?
45
Let i(c) = 8*c + 107. Let a be i(-11). Suppose -3*x = -4*r + 674, -a*r + 21*r - 2*x - 336 = 0. Calculate the highest common factor of 60 and r.
10
Suppose 112 = -8*z + 36*z. Let y(q) = -2*q + 99. Let t be y(z). What is the greatest common divisor of 91 and t?
91
Let b = -61 - -66. Suppose -3*k + 29 = -f, -67 = -b*k - 2*f - f. What is the highest common factor of 275 and k?
11
Let z(o) be the first derivative of -o**4/4 + o**3/3 + 9*o**2/2 + 21*o + 11. Let u be z(0). Calculate the highest common divisor of 672 and u.
21
Suppose 6*c - 79 = 2*c + 41. What is the highest common divisor of c and 1635?
15
Let k be (720/32 + -11)*2. Let f(d) = -80*d + 1. Let r be f(-2). What is the highest common divisor of r and k?
23
Let u(q) = -4*q**2 + 37*q + 11. Let w be u(9). Suppose 0 = 14*l - w*l + 12. What is the greatest common divisor of 38 and l?
2
Let v(r) = -2*r**2 - 255*r - 1190. Let h be v(-122). What is the greatest common factor of h and 171?
19
Suppose 4*z + 21 = j, 2*j + 604 - 711 = -5*z. What is the greatest common divisor of j and 11521?
41
Suppose 0 = 21*o - 0*o - 126. Let m(t) = 4*t**2 + 9*t - 8. Let f be m(o). Calculate the highest common divisor of f and 5.
5
Let l be (-732)/(-549) + (-3)/(-6) + 134/12. Calculate the greatest common factor of 8437 and l.
13
Let n(u) = -35*u**2 - 248*u - 1. Let i be n(-7). Let z(v) = 7*v**2 + 6*v - 5. Let o be z(5). Calculate the greatest common factor of o and i.
20
Suppose 22*y = 25*y - 1080. Let g be (1/(-2))/(5 - (-122)/(-24)). Suppose g*p = 137 + 79. Calculate the greatest common divisor of p and y.
36
Let d(m) = m**3 - 3*m**2 - 7*m - 12. Let u be d(5). Let c(s) = 24*s**2 - 12*s + 30. Let o be c(u). What is the greatest common divisor of 70 and o?
70
Suppose -115 = -12*i + 7*i - 4*j, -4*j - 74 = -2*i. Calculate the highest common factor of i and 297.
27
Let f(n) = n**2 - 136*n - 849. Let z be f(-6). Calculate the greatest common factor of z and 237.
3
Let k = -5 - -8. Suppose k*o - 32 - 7 = 0. Suppose 54*f - 156 - 400 = 146. What is the highest common divisor of o and f?
13
Let c = -919 + 2203. What is the highest common divisor of 36 and c?
12
Suppose 1186 = 38*o + 274. Let z be 162/(-3)*8/(-6). Calculate the greatest common factor of o and z.
24
Let f(l) = -l**2 + 5*l - 9. Let w be f(6). Let d = -28 - w. Let t be d/(140/(-45) - -3). What is the highest common divisor of t and 78?
39
Suppose -2*d + 6 = d. Let o be ((-6)/(-8))/(6/(-480)). Let s be 5/(o/(-18)) + 18/4. What is the greatest common factor of s and d?
2
Let o(q) = -51*q + 1260. Let z be o(24). Calculate the greatest common divisor of 66 and z.
6
Let w(i) = 51*i**2 + 4*i + 5. Let m be w(-5). Suppose 5*s - s = m. Let j = -123 - -168. What is the highest common factor of j and s?
45
Let j = -75 - -41. Let i = -30 - j. Suppose 16 = i*u, -4*g + 31 = -3*u - 5. What is the highest common factor of g and 3?
3
Let t(m) = -343*m + 4. Let j be t(-2). What is the highest common divisor of j and 330?
30
Let w(x) = -x + 15. Suppose -4*l - 2*q = 150 - 48, 0 = -l + q - 30. Let p = -18 - l. Let j be w(p). What is the highest common divisor of 3 and j?
3
Let o be 0 + -132*(-2)/4. Suppose 2*j - o = -2*u + 6, -70 = -2*j - u. Calculate the highe